a composite number?
True
Is 5699303 a composite number?
True
Is 12307549 prime?
False
Is 2892037 a prime number?
True
Is 40395227 a composite number?
False
Is 490709 a composite number?
True
Is 1329686 prime?
False
Is 4091369 a prime number?
True
Is 1306477 a prime number?
True
Is 5581094 a composite number?
True
Is 3033973 a prime number?
False
Is 809906573 prime?
False
Is 9537943 prime?
False
Is 1684373 a composite number?
False
Is 10167613 composite?
True
Is 529471559 prime?
True
Is 75200173 composite?
False
Is 200004383 composite?
True
Is 5078147 prime?
False
Is 3123307 a prime number?
False
Is 2761484137 composite?
False
Is 7128931 a composite number?
False
Is 63290171 a prime number?
False
Is 61361891 a composite number?
True
Is 8742689 a composite number?
False
Is 6513267 a composite number?
True
Is 1529581 a composite number?
False
Is 35167921 prime?
True
Is 1221419 prime?
False
Is 55771303 a prime number?
False
Is 311006189 a composite number?
True
Is 850409 a composite number?
True
Is 681199 a composite number?
True
Is 59979173 prime?
True
Is 9661511 composite?
False
Is 103977061 a prime number?
True
Is 63408523 a composite number?
True
Is 256668367 prime?
True
Is 1386551 prime?
True
Is 128186621 a composite number?
True
Is 92753 composite?
False
Is 67669009 composite?
True
Is 48526357 composite?
True
Is 16690711 composite?
True
Is 29991121 prime?
False
Is 1440197 composite?
True
Is 143601529 prime?
False
Is 100267 a composite number?
False
Is 27109959 prime?
False
Is 40571959 a composite number?
False
Is 6343669 composite?
True
Is 57638247 a prime number?
False
Is 62340466 a composite number?
True
Is 227730403 a composite number?
False
Is 12568477 a prime number?
True
Is 5827559 composite?
False
Is 12729727 a composite number?
False
Is 115284887 prime?
True
Is 96099007 composite?
False
Is 282945359 a prime number?
False
Is 39683071 a prime number?
False
Is 50448113 a prime number?
True
Is 953299 composite?
True
Is 46069217 a prime number?
True
Is 61361891 composite?
True
Is 41486213 a composite number?
True
Is 10480649 a prime number?
True
Is 496721341 a prime number?
True
Is 20246021 prime?
True
Is 1143887 a composite number?
False
Is 1138283 composite?
True
Is 14139271 a composite number?
False
Is 730045 a prime number?
False
Is 49968163 prime?
False
Is 22400407 a composite number?
True
Is 196823729 a prime number?
False
Is 61995193 composite?
True
Is 68261587 a composite number?
False
Is 6310963 a composite number?
False
Is 110050165 prime?
False
Is 597127 a prime number?
True
Is 7763 prime?
False
Is 1382755511 a prime number?
True
Is 935578921 a prime number?
True
Is 4930517 prime?
False
Is 27016711 composite?
True
Is 56932319 composite?
False
Is 42655517 a prime number?
True
Is 21040709 a prime number?
False
Is 278283349 prime?
True
Is 157971993 composite?
True
Is 1333165 a prime number?
False
Is 7274507 a prime number?
False
Is 1806613 a prime number?
False
Is 5215297 a composite number?
False
Is 4697689 composite?
False
Is 4414573 composite?
True
Is 15441499 a composite number?
False
Is 4201051 a prime number?
True
Is 418903297 a composite number?
True
Is 10622821 composite?
True
Is 135920917 a prime number?
False
Is 74134937 a prime number?
True
Is 10399681 prime?
False
Is 82573341 prime?
False
Is 2014723 a prime number?
True
Is 68811923 composite?
True
Is 2681321 a composite number?
False
Is 2297039 a composite number?
False
Is 5499509 composite?
False
Is 488505085 a composite number?
True
Is 4187051 a prime number?
False
Is 122493299 composite?
False
Is 41206939 a composite number?
False
Is 142100239 a composite number?
True
Is 184046689 composite?
True
Is 824441 composite?
True
Is 88711697 prime?
True
Is 177039661 composite?
True
Is 1118189 a composite number?
False
Is 5836717 prime?
True
Is 54824743 a composite number?
False
Is 379902749 prime?
True
Is 10502777 prime?
False
Is 8524273 a prime number?
True
Is 189986 a composite number?
True
Is 2466397 prime?
False
Is 1361705 composite?
True
Is 154943021 a composite number?
False
Is 523421 prime?
False
Is 22490101 a prime number?
True
Is 30745427 a composite number?
False
Is 1708451 composite?
True
Is 661321 composite?
False
Is 1579142 a composite number?
True
Is 1162561 prime?
False
Is 888127 a prime number?
False
Is 908443 a composite number?
True
Is 515239 a composite number?
True
Is 32123971 a composite number?
True
Is 19924657 a composite number?
False
Is 23897 prime?
False
Is 319544471 a composite number?
False
Is 262315327 prime?
True
Is 141932695 composite?
True
Is 3172079 prime?
False
Is 164235541 prime?
False
Is 13784434 a composite number?
True
Is 5489621 a composite number?
True
Is 250589153 prime?
True
Is 280893251 a prime number?
False
Is 29993783 a composite number?
True
Is 5470211 composite?
True
Is 496907493 composite?
True
Is 269075617 prime?
True
Is 7190542 a composite number?
True
Is 16997294 a prime number?
False
Is 187236845 composite?
True
Is 79734343 composite?
True
Is 217291357 prime?
True
Is 2028281 a prime number?
True
Is 97267751 a prime number?
False
Is 46988863 composite?
False
Is 3800791 prime?
False
Is 59477567 a composite number?
False
Is 372755207 prime?
False
Is 8576081 a composite number?
False
Is 45497117 a composite number?
True
Is 2923013 composite?
True
Is 25088279 prime?
True
Is 12819883 a composite number?
True
Is 1395827 a prime number?
False
Is 30591647 a prime number?
True
Is 18083381 composite?
True
Is 80483959 composite?
False
Is 3670229 a composite number?
True
Is 25831129 composite?
False
Is 12862929 composite?
True
Is 3033671 a prime number?
True
Is 17625847 a composite number?
False
Is 308315041 composite?
False
Is 3018563 composite?
True
Is 48800459 prime?
True
Is 326517731 composite?
False
Is 31331191 composite?
False
Is 4602317 composite?
False
Is 122538685 prime?
False
Is 1405801 a prime number?
True
Is 14667505 a composite number?
True
Is 3075593 prime?
True
Is 10302503 a prime number?
False
Is 111719681 composite?
False
Is 89055167 composite?
True
Is 28583627 prime?
True
Is 140427713 prime?
False
Is 53415943 a composite number?
True
Is 38819419 prime?
True
Is 1933709 a prime number?
True
Is 19357491 prime?
False
Is 4701 a prime number?
False
Is 554357 composite?
True
Is 5763749 a composite number?
True
Is 2666549 prime?
False
Is 11954827 prime?
True
Is 18095642 a prime number?
False
Is 47894213 a prime number?
False
Is 6384793 a composite number?
False
Is 7136999 prime?
False
Is 169333163 prime?
False
Is 4551119 prime?
True
Is 13362889 composite?
True
Is 146164751 prime?
True
Is 1374166 prime?
False
Is 295674809 a composite number?
False
Is 63219557 a prime number?
True
Is 576322031 a composite number?
False
Is 50683201 composite?
True
Is 35925653 prime?
False
Is 1809671 composite?
False
Is 4040879 prime?
False
Is 912060103 prime?
False
Is 16107331 composite?
False
Is 85047035 prime?
False
Is 5240419 a composite number?
True
Is 3071959 prime?
False
Is 9324127 composite?
True
Is 4363791 composite?
True
Is 9201407 composite?
False
Is 32806531 a composite number?
True
Is 6269437 composite?
False
Is 988799 a composite number?
True
Is 2093053 composite?
True
Is 15193009 a composite number?
True
Is 2209409 composite?
False
Is 53477329 composite?
False
Is 417557423 composite?
True
Is 14990291 a composite number?
True
Is 40759541 prime?
False
Is 3141977 a prime number?
False
Is 36050243 composite?
True
Is 4758203 a prime number?
False
Is 6934439 a composite number?
True
Is 24619627 prime?
True
Is 1098535 prime?
False
Is 824731 composite?
True
Is 110206367 prime?
True
Is 1990297 prime?
False
Is 428543 a prime number?
False
Is 14875673 composite?
False
Is 78903821 composite?
False
Is 15180593 a composite number?
False
Is 355933 a prime number?
True
Is 17758739 prime?
True
Is 16427291 composite?
False
Is 1955381 a prime number?
True
Is 3174359 a composite number?
True
Is 38245219 a composite number?
False
Is 14353853 a composite number?
False
Is 546773 prime?
False
Is 4190736265 a prime number?
False
Is 23607167 prime?
True
Is 105771361 prime?
False
Is 8765987 composite?
True
Is 2762251 a prime number?
True
Is 50320253 a prime number?
False
Is 1791563 a composite number?
False
Is 846775231 composite?
True
Is 510413 a prime